{"id":54,"date":"2021-10-28T17:53:29","date_gmt":"2021-10-28T20:53:29","guid":{"rendered":"https:\/\/pruebaagenda.hc\/?page_id=54"},"modified":"2023-03-24T15:58:40","modified_gmt":"2023-03-24T18:58:40","slug":"bienvenidos-a-las-agendas-del","status":"publish","type":"page","link":"https:\/\/www.agendas.hc.edu.uy\/","title":{"rendered":""},"content":{"rendered":"\n<div class=\"wp-block-image\"><figure class=\"aligncenter size-full is-resized\"><img loading=\"lazy\" decoding=\"async\" src=\"https:\/\/www.agendas.hc.edu.uy\/wp-content\/uploads\/2021\/10\/logohctranspp.png\" alt=\"\" class=\"wp-image-10\" width=\"233\" height=\"116\" srcset=\"https:\/\/www.agendas.hc.edu.uy\/wp-content\/uploads\/2021\/10\/logohctranspp.png 311w, https:\/\/www.agendas.hc.edu.uy\/wp-content\/uploads\/2021\/10\/logohctranspp-300x150.png 300w\" sizes=\"auto, (max-width: 233px) 100vw, 233px\" \/><\/figure><\/div>\n\n\n\n<p><\/p>\n\n\n\n<p class=\"has-text-align-center\" style=\"font-size:36px;line-height:1.2\">BIENVENIDO A LAS AGENDAS DEL HOSPITAL  DE CL\u00cdNICAS<\/p>\n\n\n\n<p>Aqu\u00ed encontrar\u00e1 las agendas disponibles para campa\u00f1as especiales desarrolladas por el hospital.<\/p>\n\n\n\n<div class=\"wp-block-columns is-layout-flex wp-container-core-columns-is-layout-1 wp-block-columns-is-layout-flex\">\n<div class=\"wp-block-column is-layout-flow wp-block-column-is-layout-flow\">\n<figure class=\"wp-block-image size-large\"><a href=\"https:\/\/www.programademama.hc.edu.uy\/index.php\/mamografia\"><img loading=\"lazy\" decoding=\"async\" width=\"1024\" height=\"576\" src=\"https:\/\/www.agendas.hc.edu.uy\/wp-content\/uploads\/2022\/10\/Programa-de-Mama-2022_web-peq-1024x576.jpg\" alt=\"\" class=\"wp-image-5042\" srcset=\"https:\/\/www.agendas.hc.edu.uy\/wp-content\/uploads\/2022\/10\/Programa-de-Mama-2022_web-peq-1024x576.jpg 1024w, https:\/\/www.agendas.hc.edu.uy\/wp-content\/uploads\/2022\/10\/Programa-de-Mama-2022_web-peq-300x169.jpg 300w, https:\/\/www.agendas.hc.edu.uy\/wp-content\/uploads\/2022\/10\/Programa-de-Mama-2022_web-peq-768x432.jpg 768w, https:\/\/www.agendas.hc.edu.uy\/wp-content\/uploads\/2022\/10\/Programa-de-Mama-2022_web-peq-1536x864.jpg 1536w, https:\/\/www.agendas.hc.edu.uy\/wp-content\/uploads\/2022\/10\/Programa-de-Mama-2022_web-peq-1568x882.jpg 1568w, https:\/\/www.agendas.hc.edu.uy\/wp-content\/uploads\/2022\/10\/Programa-de-Mama-2022_web-peq.jpg 1920w\" sizes=\"auto, (max-width: 1024px) 100vw, 1024px\" \/><\/a><\/figure>\n<\/div>\n\n\n\n<div class=\"wp-block-column is-layout-flow wp-block-column-is-layout-flow\">\n<figure class=\"wp-block-image size-full\"><a href=\"https:\/\/www.agendas.hc.edu.uy\/?page_id=37\"><img loading=\"lazy\" decoding=\"async\" width=\"1024\" height=\"576\" src=\"https:\/\/www.agendas.hc.edu.uy\/wp-content\/uploads\/2021\/11\/banner-2mod.png\" alt=\"\" class=\"wp-image-161\" srcset=\"https:\/\/www.agendas.hc.edu.uy\/wp-content\/uploads\/2021\/11\/banner-2mod.png 1024w, https:\/\/www.agendas.hc.edu.uy\/wp-content\/uploads\/2021\/11\/banner-2mod-300x169.png 300w, https:\/\/www.agendas.hc.edu.uy\/wp-content\/uploads\/2021\/11\/banner-2mod-768x432.png 768w\" sizes=\"auto, (max-width: 1024px) 100vw, 1024px\" \/><\/a><\/figure>\n<\/div>\n<\/div>\n\n\n\n<p><\/p>\n","protected":false},"excerpt":{"rendered":"<p>BIENVENIDO A LAS AGENDAS DEL HOSPITAL DE CL\u00cdNICAS Aqu\u00ed encontrar\u00e1 las agendas disponibles para campa\u00f1as especiales desarrolladas por el hospital.<\/p>\n","protected":false},"author":1,"featured_media":0,"parent":0,"menu_order":0,"comment_status":"closed","ping_status":"closed","template":"","meta":{"footnotes":""},"class_list":["post-54","page","type-page","status-publish","hentry","entry"],"_links":{"self":[{"href":"https:\/\/www.agendas.hc.edu.uy\/index.php?rest_route=\/wp\/v2\/pages\/54","targetHints":{"allow":["GET"]}}],"collection":[{"href":"https:\/\/www.agendas.hc.edu.uy\/index.php?rest_route=\/wp\/v2\/pages"}],"about":[{"href":"https:\/\/www.agendas.hc.edu.uy\/index.php?rest_route=\/wp\/v2\/types\/page"}],"author":[{"embeddable":true,"href":"https:\/\/www.agendas.hc.edu.uy\/index.php?rest_route=\/wp\/v2\/users\/1"}],"replies":[{"embeddable":true,"href":"https:\/\/www.agendas.hc.edu.uy\/index.php?rest_route=%2Fwp%2Fv2%2Fcomments&post=54"}],"version-history":[{"count":25,"href":"https:\/\/www.agendas.hc.edu.uy\/index.php?rest_route=\/wp\/v2\/pages\/54\/revisions"}],"predecessor-version":[{"id":6558,"href":"https:\/\/www.agendas.hc.edu.uy\/index.php?rest_route=\/wp\/v2\/pages\/54\/revisions\/6558"}],"wp:attachment":[{"href":"https:\/\/www.agendas.hc.edu.uy\/index.php?rest_route=%2Fwp%2Fv2%2Fmedia&parent=54"}],"curies":[{"name":"wp","href":"https:\/\/api.w.org\/{rel}","templated":true}]}}