{"id":37,"date":"2021-10-27T19:38:42","date_gmt":"2021-10-27T22:38:42","guid":{"rendered":"https:\/\/pruebaagenda.hc\/?page_id=37"},"modified":"2021-11-12T16:51:06","modified_gmt":"2021-11-12T19:51:06","slug":"agendate-para-donar-sangre","status":"publish","type":"page","link":"https:\/\/www.agendas.hc.edu.uy\/?page_id=37","title":{"rendered":""},"content":{"rendered":"\n<div class=\"wp-block-image\"><figure class=\"aligncenter size-full is-resized\"><img loading=\"lazy\" decoding=\"async\" src=\"https:\/\/www.agendas.hc.edu.uy\/wp-content\/uploads\/2021\/10\/logohctranspp.png\" alt=\"\" class=\"wp-image-10\" width=\"261\" height=\"130\" srcset=\"https:\/\/www.agendas.hc.edu.uy\/wp-content\/uploads\/2021\/10\/logohctranspp.png 311w, https:\/\/www.agendas.hc.edu.uy\/wp-content\/uploads\/2021\/10\/logohctranspp-300x150.png 300w\" sizes=\"auto, (max-width: 261px) 100vw, 261px\" \/><\/figure><\/div>\n\n\n\n<p class=\"has-text-align-center has-text-color\" style=\"color:#d4260b;font-size:42px\"><strong>VEN\u00cd A DONAR SANGRE<\/strong><\/p>\n\n\n\n<p> El Hospital de Cl\u00ednicas necesita de tu colaboraci\u00f3n, 1 de cada 10 personas internadas necesita transfusiones de sangre. Si te interesa colaborar podes agendarte.<\/p>\n\n\n\n<p class=\"has-large-font-size\"> Vos hac\u00e9s la diferencia \u00a1Gracias por sumarte!  <\/p>\n\n\n\n<figure class=\"wp-block-image size-large\"><img loading=\"lazy\" decoding=\"async\" width=\"1024\" height=\"536\" src=\"https:\/\/www.agendas.hc.edu.uy\/wp-content\/uploads\/2021\/11\/banner-2-1024x536.png\" alt=\"\" class=\"wp-image-113\" srcset=\"https:\/\/www.agendas.hc.edu.uy\/wp-content\/uploads\/2021\/11\/banner-2-1024x536.png 1024w, https:\/\/www.agendas.hc.edu.uy\/wp-content\/uploads\/2021\/11\/banner-2-300x157.png 300w, https:\/\/www.agendas.hc.edu.uy\/wp-content\/uploads\/2021\/11\/banner-2-768x402.png 768w, https:\/\/www.agendas.hc.edu.uy\/wp-content\/uploads\/2021\/11\/banner-2.png 1199w\" sizes=\"auto, (max-width: 1024px) 100vw, 1024px\" \/><\/figure>\n\n\n\n<p class=\"has-text-align-center\"><a href=\"https:\/\/www.agendas.hc.edu.uy\/?page_id=2\">Ver Requisitos para donar<\/a><\/p>\n\n\n\n<p class=\"has-text-align-center\" style=\"font-size:36px\"><strong>AGENDA<\/strong><\/p>\n\n\n<div class=\"booked-calendar-shortcode-wrap\"><div class=\"booked-calendar-wrap large\"><table class=\"booked-calendar\" data-calendar-id=\"2\" data-calendar-date=\"2026-05-01\">\n\t\t<thead>\n\n\t\t\t\n\t\t\t<tr>\n\t\t\t\t<th colspan=\"5\">\n\t\t\t\t\t\t\t\t\t\t<span class=\"calendarSavingState\">\n\t\t\t\t\t\t<i class=\"booked-icon booked-icon-spinner-clock booked-icon-spin\"><\/i>\n\t\t\t\t\t<\/span>\n\t\t\t\t\t<span class=\"monthName\">\n\t\t\t\t\t\tmayo 2026\t\t\t\t\t\t\t\t\t\t\t<\/span>\n\t\t\t\t\t<a href=\"#\" data-goto=\"2026-06-01\" class=\"page-right\"><i class=\"booked-icon booked-icon-arrow-right\"><\/i><\/a>\t\t\t\t<\/th>\n\t\t\t<\/tr>\n\t\t\t<tr class=\"days\">\n\t\t\t\t\t\t\t\t<th>Lun<\/th>\n\t\t\t\t<th>Mar<\/th>\n\t\t\t\t<th>Mi\u00e9<\/th>\n\t\t\t\t<th>Jue<\/th>\n\t\t\t\t<th>Vie<\/th>\n\t\t\t\t\t\t\t\t\t\t\t<\/tr>\n\t\t<\/thead>\n\t\t<tbody><tr class=\"week\"><td data-date=\"2026-04-27\" class=\"prev-month prev-date\"><span class=\"date\"><span class=\"number\">27<\/span><\/span><\/td><td data-date=\"2026-04-28\" class=\"prev-month prev-date\"><span class=\"date\"><span class=\"number\">28<\/span><\/span><\/td><td data-date=\"2026-04-29\" class=\"prev-month prev-date\"><span class=\"date\"><span class=\"number\">29<\/span><\/span><\/td><td data-date=\"2026-04-30\" class=\"prev-month prev-date\"><span class=\"date\"><span class=\"number\">30<\/span><\/span><\/td><td data-date=\"2026-05-1\" class=\"prev-date\"><span class=\"date\"><span class=\"number\">1<\/span><\/span><\/td><\/tr><tr class=\"week\"><td data-date=\"2026-05-4\" class=\"prev-date\"><span class=\"date\"><span class=\"number\">4<\/span><\/span><\/td><td data-date=\"2026-05-5\" class=\"prev-date\"><span class=\"date\"><span class=\"number\">5<\/span><\/span><\/td><td data-date=\"2026-05-6\" class=\"prev-date\"><span class=\"date\"><span class=\"number\">6<\/span><\/span><\/td><td data-date=\"2026-05-7\" class=\"prev-date\"><span class=\"date\"><span class=\"number\">7<\/span><\/span><\/td><td data-date=\"2026-05-8\" class=\"prev-date\"><span class=\"date\"><span class=\"number\">8<\/span><\/span><\/td><\/tr><tr class=\"week\"><td data-date=\"2026-05-11\" class=\"prev-date\"><span class=\"date\"><span class=\"number\">11<\/span><\/span><\/td><td data-date=\"2026-05-12\" class=\"prev-date\"><span class=\"date\"><span class=\"number\">12<\/span><\/span><\/td><td data-date=\"2026-05-13\" class=\"today\"><span class=\"date tooltipster\" title=\"27 Disponibles\"><span class=\"number\">13<\/span><\/span><\/td><td data-date=\"2026-05-14\" class=\"\"><span class=\"date tooltipster\" title=\"42 Disponibles\"><span class=\"number\">14<\/span><\/span><\/td><td data-date=\"2026-05-15\" class=\"\"><span class=\"date tooltipster\" title=\"43 Disponibles\"><span class=\"number\">15<\/span><\/span><\/td><\/tr><tr class=\"week\"><td data-date=\"2026-05-18\" class=\"\"><span class=\"date tooltipster\" title=\"4 Disponibles\"><span class=\"number\">18<\/span><\/span><\/td><td data-date=\"2026-05-19\" class=\"\"><span class=\"date tooltipster\" title=\"45 Disponibles\"><span class=\"number\">19<\/span><\/span><\/td><td data-date=\"2026-05-20\" class=\"\"><span class=\"date tooltipster\" title=\"48 Disponibles\"><span class=\"number\">20<\/span><\/span><\/td><td data-date=\"2026-05-21\" class=\"\"><span class=\"date tooltipster\" title=\"50 Disponibles\"><span class=\"number\">21<\/span><\/span><\/td><td data-date=\"2026-05-22\" class=\"\"><span class=\"date tooltipster\" title=\"48 Disponibles\"><span class=\"number\">22<\/span><\/span><\/td><\/tr><tr class=\"week\"><td data-date=\"2026-05-25\" class=\"\"><span class=\"date tooltipster\" title=\"50 Disponibles\"><span class=\"number\">25<\/span><\/span><\/td><td data-date=\"2026-05-26\" class=\"\"><span class=\"date tooltipster\" title=\"49 Disponibles\"><span class=\"number\">26<\/span><\/span><\/td><td data-date=\"2026-05-27\" class=\"\"><span class=\"date tooltipster\" title=\"50 Disponibles\"><span class=\"number\">27<\/span><\/span><\/td><td data-date=\"2026-05-28\" class=\"\"><span class=\"date tooltipster\" title=\"50 Disponibles\"><span class=\"number\">28<\/span><\/span><\/td><td data-date=\"2026-05-29\" class=\"\"><span class=\"date tooltipster\" title=\"50 Disponibles\"><span class=\"number\">29<\/span><\/span><\/td><\/tr>\t\t<\/tbody>\n\t<\/table><\/div><\/div>\n","protected":false},"excerpt":{"rendered":"<p>VEN\u00cd A DONAR SANGRE El Hospital de Cl\u00ednicas necesita de tu colaboraci\u00f3n, 1 de cada 10 personas internadas necesita transfusiones de sangre. Si te interesa colaborar podes agendarte. Vos hac\u00e9s la diferencia \u00a1Gracias por sumarte! Ver Requisitos para donar AGENDA<\/p>\n","protected":false},"author":1,"featured_media":0,"parent":0,"menu_order":0,"comment_status":"closed","ping_status":"closed","template":"","meta":{"footnotes":""},"class_list":["post-37","page","type-page","status-publish","hentry","entry"],"_links":{"self":[{"href":"https:\/\/www.agendas.hc.edu.uy\/index.php?rest_route=\/wp\/v2\/pages\/37","targetHints":{"allow":["GET"]}}],"collection":[{"href":"https:\/\/www.agendas.hc.edu.uy\/index.php?rest_route=\/wp\/v2\/pages"}],"about":[{"href":"https:\/\/www.agendas.hc.edu.uy\/index.php?rest_route=\/wp\/v2\/types\/page"}],"author":[{"embeddable":true,"href":"https:\/\/www.agendas.hc.edu.uy\/index.php?rest_route=\/wp\/v2\/users\/1"}],"replies":[{"embeddable":true,"href":"https:\/\/www.agendas.hc.edu.uy\/index.php?rest_route=%2Fwp%2Fv2%2Fcomments&post=37"}],"version-history":[{"count":17,"href":"https:\/\/www.agendas.hc.edu.uy\/index.php?rest_route=\/wp\/v2\/pages\/37\/revisions"}],"predecessor-version":[{"id":132,"href":"https:\/\/www.agendas.hc.edu.uy\/index.php?rest_route=\/wp\/v2\/pages\/37\/revisions\/132"}],"wp:attachment":[{"href":"https:\/\/www.agendas.hc.edu.uy\/index.php?rest_route=%2Fwp%2Fv2%2Fmedia&parent=37"}],"curies":[{"name":"wp","href":"https:\/\/api.w.org\/{rel}","templated":true}]}}